
What is (2 - (-2 + 0 + 3)) + 3?
4
What is 8 + -1 + -4 + (5 - 4)?
4
What is 8 - (-3 + (1 - -8) + -4)?
6
4 + (9 - 5) + -3 - 11
-6
Calculate -10 + -6 - -14 - (2 - 0).
-4
Calculate -4 - -2 - (-7 + (-6 - -18)).
-7
-15 + (6 - (4 + -7))
-6
What is 1 - 7 - -8 - 6?
-4
(-4 - (3 + -3 + -4)) + -4
-4
Evaluate (94 - 89) + (-1 - 8).
-4
(11 - 12) + 0 + -2
-3
What is -3 + (2 - (3 - 4)) + -2?
-2
3 + 18 - 10 - 6
5
Evaluate -15 + -8 + 15 - -7.
-1
Evaluate (0 - 2) + 5 - 3.
0
What is 8 + -1 - (91 + -73)?
-11
Calculate 0 + -3 + 5 + 3.
5
What is the value of (-18 - -30 - 10) + -1 + -7?
-6
0 - ((5 - (6 + -4)) + 1)
-4
Evaluate 7 - ((2 - -11) + 5 + -5).
-6
What is (-2 - -3 - 0) + -1 + -4?
-4
What is -5 - (-4 + 0 - (2 - 5))?
-4
What is the value of -6 - ((-9 - (-4 + -1)) + 1)?
-3
Evaluate (0 - -4) + -19 + 19 + -1.
3
What is the value of (5 - -1) + (0 - (-3 + 5))?
4
What is -5 + (-1 - 2 - -12)?
4
Evaluate (15 - (1 + 12)) + (-2 - -3).
3
What is the value of (8 - (2 - -10)) + 9?
5
Evaluate (0 - 5) + (9 - 10) + 1.
-5
What is the value of 5 + (-4 + 3 + 1 - 1)?
4
0 - 0 - (-1 - 3)
4
Calculate -41 + 37 - (2 - (-1 - -3)).
-4
What is the value of -9 + 0 - (3 + -7)?
-5
-1 - ((2 - 6) + -3)
6
What is 3 - 4 - (-4 - -6)?
-3
Calculate -5 + 3 + 0 + (-2 - 1).
-5
8 + -1 - (21 - 11)
-3
-1 + (4 - 2) + -2
-1
(41 - 37 - (0 - -2)) + 2
4
What is -5 - (7 - 12) - (-1 + 1)?
0
What is the value of 9 - (14 - 7) - 7?
-5
Calculate (4 - (5 - 6)) + -6.
-1
1 - -7 - (3 - (-1 + 1))
5
Evaluate 4 + (6 - 1 - (16 + -7)).
0
Calculate 38 + -30 + 0 + -10.
-2
Calculate -7 + 18 + -14 + -3 + 4.
-2
What is the value of 10 + 5 + -8 - 4?
3
Evaluate -2 + 5 + (-3 - -6).
6
Evaluate 5 - (1 - (-1 - 2)) - -6.
7
Evaluate 3 + 2 + -6 + 0 + 1.
0
8 - ((-5 - -7) + 2)
4
Evaluate -2 + -3 + 5 + -2 - -5.
3
What is (44 - 41) + -1 + 2 + -1?
3
(4 - (0 - -4)) + -1
-1
What is the value of (1 - -3) + (-8 - -7)?
3
Calculate -2 - 1 - (24 + -26).
-1
What is the value of -9 + (-10 - (-29 - -3))?
7
0 - (-6 + (4 - (5 + -5)))
2
0 + (-7 - 7 - -7) + 4
-3
-6 + (1 - (3 - 5))
-3
What is the value of -7 + 13 + (12 - 27)?
-9
(-6 - (9 + -13)) + 3
1
What is -2 + (-1 - (1 - 1)) - -2?
-1
Evaluate (-16 - -12) + (1 - 1).
-4
Calculate (17 - 14) + -7 + -1.
-5
3 + (0 - (-8 + 4)) - 2
5
Evaluate 1 + (1 - (5 + -2)) + 2.
1
What is -3 + (0 - 2) + 13 + -11?
-3
What is the value of -3 - ((0 - -1) + -3)?
-1
What is the value of (1 - 6) + (0 - -2) + -1?
-4
Calculate 1 + (-4 + -2 - 1) + 5.
-1
Calculate -1 + (7 - 15 - -8).
-1
What is the value of 1 + -1 + -15 - (429 - 435)?
-9
What is the value of -1 - -6 - ((-17 - -6) + 9)?
7
What is 3 - (-2 + 2 + 5)?
-2
What is 5 + (-13 - -11) + 2 + -1?
4
Evaluate -1 + (2 - 4) + (14 - 8).
3
Evaluate (-9 + 7 - -1) + -1.
-2
Calculate -4 + (1 + (2 - 1) - -4).
2
Evaluate -5 - 0 - 0 - -3.
-2
Evaluate (0 - -16) + -18 + (1 - 5).
-6
What is 1 - ((1 - 1) + -4)?
5
1 - (5 + -3 + -1 - 3)
3
Evaluate 8 - 11 - (0 - 0 - 1).
-2
What is the value of 1 - -4 - (169 + -165)?
1
Evaluate -4 + 2 + 4 + (0 - 2).
0
What is the value of -4 - -11 - (1 - (3 + -7))?
2
What is the value of -2 + (5 - 4) - (-1 + 0)?
0
Evaluate -1 - (-4 - (3 + -7 - 3)).
-4
Evaluate (-82 - -93) + -2 + -1.
8
Calculate (-58 - -72) + (-7 - 1).
6
What is 18 + -18 - (1 - 5)?
4
Evaluate -2 + (-4 - 2 - (7 + -14)).
-1
What is the value of -8 + 3 - -4 - -6?
5
What is 15 + (-16 - (-14 - -4))?
9
-3 - -2 - (1 + -4)
2
What is the value of -12 - -19 - 12 - -15?
10
Evaluate (-9 - -7) + (3 + -5 - 4).
-8
-4 - (5 - 4 - 1) - -9
5
12 - (-1 + 6) - 15
-8
What is 3 + (1 - (2 - -1) - -2)?
3
What is 3 - 0 - (-9 + 17)?
-5
What is the value of -1 + 5 + -5 + -3 - -5?
1
Calculate -6 - (-3 + -2) - -1.
0
2 - (18 - 4 - 9)
-3
What is the value of 3 - (4 + (3 - 0))?
-4
Evaluate (-11 - -4) + -20 + 23.
-4
What is the value of (4 + -5 - -4) + -7?
-4
(0 - (5 - 7 - -3)) + 4
3
Calculate -6 - (-4 - (-6 + 10)) - 0.
2
What is (-1 - 0) + 3 - -1?
3
Evaluate -1 + 1 - -3 - (11 + -11).
3
0 - -1 - -2 - (-36 - -37)
2
Evaluate -24 + 7 + 8 + 4.
-5
What is -1 + -10 + 14 + -3 + 5?
5
Calculate -1 + 0 + 0 + 8 + -8.
-1
-6 + (12 - 17) + 11
0
What is the value of -2 + (-4 - (-2 - 1)) + 5?
2
Evaluate -5 - (6 + -21 - -5).
5
Calculate (-4 - (1 + -5 - -2)) + 3.
1
What is the value of -2 + (2 - (-4 + 3 + 2))?
-1
What is -11 - -5 - (-13 + 7)?
0
What is -1 + 0 + (2 - 0) + -3?
-2
Calculate (-2 - (7 + -4 + 2)) + -1.
-8
What is 5 + -31 + 20 + -2 + 4?
-4
Calculate 2 + -5 - -5 - 7.
-5
Calculate 3 + (18 - 13) + (1 - 2).
7
-18 + 17 + 6 + 0 + 2
7
Evaluate (-25 - -26) + 1 + -2 + 1.
1
Calculate -2 + 5 - (-8 - -15).
-4
What is -19 + 5 - (-1 + -6)?
-7
What is the value of 1 - -1 - (23 + -26)?
5
What is the value of 10 - ((6 - 0) + 3 - 5)?
6
What is the value of -23 + 21 + (4 - -1)?
3
What is -1 + 3 + (29 - 32)?
-1
6 - (20 + -10) - 0
-4
Calculate 0 + -6 + 0 - -1.
-5
0 + (-1 + (-4 - 1) - -2)
-4
What is -4 + 4 + (3 + -2 - 4)?
-3
Evaluate 6 + (2 - 10) + 4.
2
Evaluate 171 + -176 + (-1 - 0) + 9.
3
2 + (1 - 1) - (6 + -7)
3
Evaluate -6 - (6 - (-9 - -22)).
1
What is 2 + 5 + (18 - 28)?
-3
What is -19 + (12 - -4) - (-2 + 0)?
-1
What is the value of 4 + (-1 - 0 - -1) + 0?
4
0 + -2 + 3 + 3 + -1
3
What is -1 + -2 + (0 - 1)?
-4
Calculate (17 - (0 - -4)) + -40 + 34.
7
What is the value of 4 + (8 - (-3 + 11))?
4
(3 - (-8 + 4 - -4)) + 0
3
-1 + 0 + -2 + (6 - 0)
3
20 - (6 + -2) - 11
5
Calculate -1 + -1 + (-2 - 3) + 5.
-2
-27 - -17 - (-4 - 0)
-6
-12 - -9 - (-1 - -1)
-3
0 + 2 + -7 - (-30 + 31)
-6
What is the value of 4 - (16 + -8 + 1) - -5?
0
Evaluate -3 + 8 + 2 + -3 + -3.
1
Calculate 3 + -5 + (2 + -2 - 0).
-2
(1 - -2) + (4 - 5) + -1
1
Evaluate 1 + (-7 - -7 - -2).
3
5 + 4 + 6 + -7 + -5
3
Evaluate (2 - 9 - (4 + -7)) + 0.
-4
Calculate -1 - (-15 - -12 - (0 - -1)).
3
-4 - (4 + (-6 - 0) + 3)
-5
What is -1 + 3 - ((-8 - -10) + -3)?
3
Evaluate (1 - 3) + 10 + (0 - 4).
4
Calculate 9 + 0 + (-4 - -2).
7
What is -7 - (6 - 3 - 5)?
-5
Calculate (14 - 13 - (2 - 0)) + 2.
1
What is the value of -2 + -8 + 12 - 5?
-3
1 - (6 - 1 - (6 + -3))
-1
What is 7 + -5 - (-7 + 5)?
4
What is the value of 3 + -1 - ((5 - -3) + -1)?
-5
3 + (-14 - -21) - 10
0
-3 - -5 - -2 - (15 - 6)
-5
3 + (-5 - 0) + 4 - -2
4
-8 + 2 + -10 + 11
-5
0 + 1 + (-5 - -16) + -13
-1
Evaluate -9 + (0 - 2) + 56 + -49.
-4
-16 + 17 - (3 + 5)
-7
Calculate 5 + -2 - (-1 + 1).
3
Calculate 6 + -2 + 6 + -1 + -9.
0
-12 + (5 - (-3 - -6) - -4)
-6
What is the value of 14 + -5 + -8 + 0?
1
What is the value of -3 + 13 - (14 + -4 - 10)?
10
Evaluate 1 + (4 + -7 - (-1 + -6)).
5
Evaluate -11 + (-1 + -6 - -9) - -4.
-5
What is -8 - (-10 - -10 - 1)?
-7
Calculate -9 + -7 + 8 + 13.
5
Evaluate (-8 - (-10 - (-6 - -2))) + 6.
4
What is the value of -5 - (4 - 14) - 2?
3
What is (-2 - -1 - -2 - 6) + 0?
-5
What is 2 - (-1 + 1) - (-16 - -21)?
-3
(-3 - -3 - 5) + 3
-2
Evaluate -2 + (-8 - (-1 - 5)) - -2.
-2
Calculate 4 + -1 + 10 + -32 + 26.
7
Evaluate 14 + 0 - (-11 + 18) - 0.
7
What is 3 + -12 - (-4 - (-4 + 0))?
-9
Calculate 2 + 1 - (4 + -1 + -3).
3
What is (3 - 7) + (-2 - -6)?
0
What is (4 - 18 - -7) + (-3 - -8)?
-2
Calculate (-5 - -1) + (13 - 18) + 14.
5
What is the value of -2 - (-3 + 4 + (-1 - 4))?
2
What is the value of -7 + -7 - (0 - 4 - 3)?
-7
What is 6 + -10 + -1 + 6?
1
Evaluate 1 - -25 - 9 - 11.
6
Evaluate 3 + 0 + 2 + -4 + 3.
4
What is (1 - 4) + -9 + 9 - -5?
2
Calculate (3 - (6 + -5 + -1)) + -1.
2
Calculate 17 + -3 + 5 + -1 + -9.
9
Calculate 0 + 3 - (20 + (-11 - 3)).
-3
Evaluate -1 + (-4 - -9 - 5).
-1
What is (2 - 0) + -2 - -2 - 0?
2
Evaluate -5 + 2 + (-3 - -1 - -2).
-3
What is the value of 0 + 4 - (19 + -15 + 6)?
-6
What is the value of 0 + 5 - (-10 + 14)?
1
What is the value of 10 + (-2 - (-5 - -7))?
6
Calculate (8 + 3 + -6 - 0) + -1.
4
What is (-2 - 2 - -1) + 3 + -3?
-3
What is -8 + (-6 + 16 - 3)?
-1
Calculate 167 + -166 + (0 - 0) + 4.
5
Evaluate -2 - (4 - 8) - (0 + -1).
3
Evaluate 15 + 10 + -27 + 8.
6
What is the value of 1 + -2 - (2 + (-1 - 5))?
3
Calculate (2 - (3 - 3)) + (-2 - -5).
5
What is 5 - ((9 - 13) + 17)?
-8
-4 + (-2 - -4) + 1 - 3
-4
What is 4 + 4 + (9 - 20)?
-3
11 + -6 - (3 + -2) - 6
-2
What is the value of -2 + (-12 - -9) + -3 + 2?
-6
What is 7 + 2 - (-32 - -34)?
7
What is the value of 8 + 1 + 3 + -10 + 3?
5
Evaluate -3 + -3 + (5 - -1).
0
-3 + (8 + -3 - 2) - 5
-5
Calculate (1 - -6) + (-15 - -12).
4
Calculate 14 - (-7 - 0 - (-7 - 5)).
9
What is the value of